88 = 0, -3*d - 2*s + 48 = s. Calculate the greatest common factor of 171 and d.
19
Let y = -212 + 311. What is the highest common divisor of y and 33?
33
Let d be -13*((-16)/4 - -1). Let o = -46 + 72. Calculate the greatest common factor of o and d.
13
Suppose 0 = -3*w + 4*g - 16, 3*g = -5*w + 2*g + 4. Suppose -112 = -w*b - 2*b. What is the greatest common divisor of b and 14?
14
Suppose 8*u - 214 = 146. Calculate the greatest common factor of 9 and u.
9
Let y be ((-66)/8)/(4/(-16)). What is the greatest common divisor of y and 11?
11
Let s be 6/(-27) - (-38)/9. Let d = -7 + 15. What is the greatest common divisor of d and s?
4
Suppose 104 = 6*v - 16. What is the highest common factor of 5 and v?
5
Suppose f + 3*f = 316. Let q = f + -41. Suppose -z - 2 = -q. What is the highest common factor of z and 9?
9
Let h be -1 + 4/(12/(-9)). Let a = h - -22. What is the highest common divisor of a and 45?
9
Suppose a - 4 = -1. Suppose -2*v - 1 = -9. Suppose v*d - l + 3*l = 78, -4*l + 56 = a*d. What is the highest common factor of d and 50?
10
Suppose 22 = -z + 5*y, -2*z - y + 0*y + 11 = 0. Suppose 5*s + 132 = z*j, -j = -2*s - s - 44. Calculate the greatest common factor of 22 and j.
22
Suppose 13*w - 312 = 9*w. Calculate the greatest common factor of w and 6.
6
Let i = 4 - 0. Suppose 0 = -i*z + 38 + 22. What is the highest common divisor of z and 75?
15
Let o(g) = -g**3 - 2*g**2 + 7*g + 6. Let i be o(-4). Let p be (54/i + -3)*15. What is the greatest common divisor of p and 9?
9
Suppose 3 = -r - 2, 0 = -4*f + 5*r + 49. Let a be f/15 + 116/10. What is the greatest common divisor of 3 and a?
3
Suppose i - 2*q = 3*i - 90, -105 = -2*i + 3*q. Suppose -2*l = -6*l + 120. Let k = l - 18. What is the greatest common factor of k and i?
12
Suppose -3*j + 23 = 2*d, -3*d + 0*j + 28 = -2*j. Let n be -70*(-3 + 6/d). What is the greatest common divisor of n and 21?
21
Suppose -q + c + 0 = -5, 5*c = -q - 1. What is the highest common divisor of q and 2?
2
Let t(a) = -a**3 - 15*a**2 - 13*a + 16. Let k be t(-14). What is the greatest common divisor of k and 1?
1
Let y(q) = q**2 - 4*q - 5. Let t be y(9). Let h = 6 + -2. Suppose -100 = -u - h*u. Calculate the greatest common factor of t and u.
20
Suppose 2*p - 6 = -2. Let t be p/(-8) - 54/(-24). What is the greatest common factor of t and 4?
2
Let t be ((-6)/(-4) - 1) + (-71)/(-2). Let a be 2/(-7) + (-65)/(-7). Calculate the highest common divisor of a and t.
9
Let l be 138/18 - (-2)/6. Let v(a) = 8*a + 6. Let q be v(l). What is the greatest common divisor of q and 28?
14
Let p = 0 + 2. Calculate the highest common factor of p and 20.
2
Let p(j) = -j**3 - 6*j**2 - 3. Suppose 0*c = 4*c + 24. Let m be p(c). Let s be -3 + 25 + (-1 - m). What is the greatest common factor of 8 and s?
8
Suppose -2*k + 1 = -43. Let a = k + 13. Calculate the greatest common factor of 7 and a.
7
Let l(f) = 69*f**2 + 3. Let x be l(-2). What is the highest common divisor of 31 and x?
31
Let o be ((-17)/(-3))/(2/6). Let q(m) = -20*m - 13. Let v be q(-10). What is the greatest common divisor of v and o?
17
Suppose 0 = 4*w + 5*r - 27, -4*w + 12 = -3*w + 3*r. Suppose w*v = 46 + 17. Suppose 6*z - 672 = 2*z. What is the highest common factor of z and v?
21
Let v(k) = 10*k + 4. Let g be v(3). Let b = g + -19. Calculate the greatest common factor of 5 and b.
5
Let k be 2/(-6) + 46/(-6). Let c be 3*6*(16/(-6))/(-4). Let v = c + k. Calculate the highest common divisor of v and 2.
2
Suppose 2*o - 2*s - 345 = -7*s, 0 = 2*s + 2. Calculate the highest common factor of o and 70.
35
Let u be 4*(-68)/16*-2. What is the greatest common factor of 17 and u?
17
Let v = 135 - 50. Calculate the greatest common factor of 17 and v.
17
Let v be (-4)/((2 - 0)*-1). Let k be -13*((-3)/3 + v). Let b be 0/(-2) - 0 - k. What is the highest common factor of b and 13?
13
Let w be (-2)/((-11)/((-28435)/(-10))). Calculate the highest common divisor of w and 47.
47
Let i be 4 + 2*(3 - 4). Suppose 3*h = -4*p + 31 - 6, 0 = i*p - 8. Calculate the highest common divisor of h and 24.
3
Suppose -4*w + 66 = -46. What is the greatest common factor of 14 and w?
14
Let i(g) = -11*g + 2. Let j be i(-3). Let q(o) = 32*o**2 - 2*o - 4. Let d be q(4). Let c be d/j + (-2)/7. Calculate the greatest common factor of 28 and c.
14
Suppose 119 - 9 = f + v, 5*v = 2*f - 185. Suppose 2*j - 7 = 11. Suppose 210 = 14*z - j*z. Calculate the greatest common factor of f and z.
21
Let q(a) = 4*a**2 + 12. Let l be q(-3). What is the greatest common factor of l and 12?
12
Suppose -90 - 118 = -2*g. Calculate the greatest common divisor of g and 13.
13
Suppose 7*o + 2*p = 2*o + 13, -p = -5*o + 1. Suppose 3*f = 3 + 27. What is the highest common factor of o and f?
1
Let g be 52 - 9/(18/8). What is the highest common divisor of 12 and g?
12
Let s(n) = -6*n + 4. Let l be s(3). Let w be l*(-3 - (-9)/6). What is the highest common factor of w and 21?
21
Suppose 0 = 5*o - 2*z - 154, -2*o + 4*z + 0 + 52 = 0. What is the greatest common factor of 16 and o?
16
Let c = 13 - 11. Let r = -12 + 34. Calculate the highest common factor of r and c.
2
Let l(v) = -10*v + 4. Let a be ((-8)/6)/((-1)/(-3)). Let p be l(a). Let u be 3 + -5 + p/2. What is the highest common divisor of 30 and u?
10
Let y = 111 + -9. What is the highest common divisor of y and 6?
6
Let q = -10 - -11. Let j(m) = 21*m**3 - 1. Let d be j(q). What is the highest common factor of 5 and d?
5
Suppose 7 = d + 2*w + 1, -4*d + 3*w = -24. What is the greatest common divisor of d and 2?
2
Suppose -5*i + 425 = -5*m + m, -i + 85 = -3*m. Calculate the greatest common divisor of 17 and i.
17
Let x = -117 - -221. Calculate the greatest common factor of x and 26.
26
Let x = -107 + 197. What is the highest common divisor of x and 10?
10
Let m be (-2)/2 - (-9 - -6). Suppose 8*n = 3*n - 3*o + 12, 1 = m*n + 5*o. What is the greatest common factor of n and 3?
3
Let s be 83/4 - (-24)/(-32). What is the highest common divisor of 70 and s?
10
Suppose 28 = 3*d + d. Let c = -116 + 123. Calculate the greatest common factor of d and c.
7
Let w = -2 - -2. Suppose w = -a - 5 + 6. Let g(b) = 2*b**2 + b. Let x be g(-1). What is the greatest common divisor of x and a?
1
Let z = -536 - -960. Suppose -2*h - 14 = -y + 69, 5*y = h + z. Calculate the greatest common divisor of 34 and y.
17
Suppose 4 + 16 = 4*k. Suppose 0 = -k*s + 2*s + 51. What is the highest common factor of s and 34?
17
Suppose t = -1 + 81. What is the greatest common factor of t and 10?
10
Suppose 6*t = 3*t - 12. Let k be (-218)/t - (-5)/10. Calculate the highest common divisor of 5 and k.
5
Let u = 40 + -28. Suppose 0 = 2*k - 27 - 21. What is the highest common divisor of k and u?
12
Let y be (-26)/(-4) + (-8)/16. Let u = 5 - 3. Let b(i) = i**3 + 2*i**2 - 2*i + 3. Let s be b(u). Calculate the highest common factor of s and y.
3
Let m(t) = -5 - 2 + 4 + 3*t + 8*t. Let c be m(5). What is the highest common factor of 13 and c?
13
Suppose 7*i - 2*i = 0. Suppose -27 = -3*r - i*r. Calculate the highest common divisor of r and 54.
9
Let a(d) = d**3 - 11*d**2 + 11*d + 2. Let n be a(10). What is the highest common factor of 84 and n?
12
Let a be 8/24*(-729)/(-1). Calculate the greatest common factor of 27 and a.
27
Suppose -2*c + 3*l = c - 27, -4*l = -2*c + 26. Calculate the greatest common divisor of 15 and c.
5
Let f = 5 + 0. Suppose 2*t = -m + 7, -2*m + 13 = -m + f*t. Suppose -m*y - 13 = -55. Calculate the greatest common divisor of y and 112.
14
Suppose 4*z + 5*c = -88, z + 22 = 6*c - c. Let w = -11 - z. What is the greatest common factor of 99 and w?
11
Let o = 24 + 1. What is the greatest common factor of 175 and o?
25
Let n(k) = k**3 - 5*k**2 - 2*k - 11. Let z be n(6). What is the greatest common divisor of z and 39?
13
Suppose 3*p = -c + 156 + 118, 3*p - 5*c = 250. Calculate the highest common factor of 9 and p.
9
Suppose 0 = 3*f + 3*m - 90, -4*f = -2*f - m - 57. What is the highest common factor of 145 and f?
29
Let u(h) = -h + 9. Let y be u(0). Calculate the greatest common divisor of y and 36.
9
Let p(b) = -3*b - 7. Let r be p(-5). Suppose 2*k - k = 3. Let o be 2 - -1*(k - -7). Calculate the greatest common factor of o and r.
4
Let n be (-445)/(-7) - (-8)/(-14). What is the greatest common factor of n and 21?
21
Suppose -6*z 